 p*a. Let w(d) = -d**2 + 2*d - 1. Calculate w(a).
-1
Let g(d) = -d - 6. Suppose 3*z + 5 = 11. Let h(u) = -u**2 - 6 + 3*u - 11*u - 3*u + z*u**2. Let m be h(11). Determine g(m).
0
Let q = 1912 - 1913. Let s(p) = -10*p**3 - p**2 - 2*p - 1. Calculate s(q).
10
Let r(x) = -x**2 - 1. Let j = 36 - 32. Let q(v) = -v**2 - v - 1. Let m(y) = j*q(y) - 3*r(y). Give m(-5).
-6
Let z = 678 + -676. Let h(a) = -2*a**2 + 4*a. Calculate h(z).
0
Let a(n) = 11*n. Suppose -3*b + 20 = -4*l, 4*b + 2*l = b - 10. Suppose b = 16*j - 22*j - 6. Determine a(j).
-11
Let g(n) = -2*n - 1. Let l(h) = -h**2 - 37*h - 57. Let v be l(-33). Let a be 3/(3 + v/(-20)). Give g(a).
7
Let g(m) be the second derivative of 7*m**3/6 - m**2 + 360*m. Let f be 8/(-2)*1 - -2. Let k = 0 - f. Calculate g(k).
12
Let u(z) be the third derivative of 1/6*z**3 - 20*z + z**2 + 5/8*z**4 + 0. Suppose 3*f = -2 - 1. Calculate u(f).
-14
Let g be (-4 - 17/(-4) - 1)*-4. Let b(c) = -9*c + 13. Let m(y) = 6*y - 9. Let x(i) = -5*b(i) - 7*m(i). What is x(g)?
7
Suppose 4*w = y + 19 - 6, 4*w - 2*y = 14. Let g(j) be the first derivative of 0*j**2 + 1/3*j**3 + w*j + 5. Determine g(3).
12
Let k(x) = -x**2 - x + 3. Let v be (1 - (2 - 11))*(-1)/(-2). Determine k(v).
-27
Let q(p) = p**2 + 39*p - 99. Let n be q(-41). Let b(g) = g**3 + 17*g**2 - 4. Calculate b(n).
-4
Let s(r) = 9*r**2 - 4*r - 17. Let y(b) = 7*b**2 - 4*b - 17. Let a(n) = -3*s(n) + 4*y(n). Determine a(7).
4
Let b be 5/15 + (-2)/(-3). Let n(m) = -m**3 - b - m + 3*m - 6*m**3. Let h be n(1). Let w(i) = i + 7. Determine w(h).
1
Let m be (-5)/(-25) + 54/5. Let a(y) = -3 - m*y**3 - 11 - 4 + 17. Calculate a(1).
-12
Let g(v) = -v + 0*v - v**3 + 6*v**2 - 3*v**2 + 4. Let r(j) = j + 4. Let f(l) = -3. Let h(t) = 3*f(t) + 2*r(t). Let m be h(2). Calculate g(m).
1
Suppose -4*m - 4 = 3*z - 2*z, -5*m + 5*z + 20 = 0. Let x(v) = 67 - 82 + 2*v - v. Determine x(m).
-15
Let z(g) be the third derivative of -g**7/5040 + g**6/144 - 7*g**5/30 - 4*g**2. Let i(k) be the third derivative of z(k). Determine i(7).
-2
Let n(a) be the first derivative of a**7/280 - a**5/120 + a**4/24 - 5*a**3 + 9. Let b(m) be the third derivative of n(m). Calculate b(1).
3
Let k be (-1)/(12/(-64))*3. Suppose -2*y + 6*y = -4*l + k, 0 = -l + y + 8. Let g(t) = -t - 6. Calculate g(l).
-12
Let p(x) = -12*x**2 + 7*x**2 + 3*x + x**3 + 2*x + 3. Let o be ((-6)/2)/3*(0 + -4). What is p(o)?
7
Let f(w) be the third derivative of -w**6/120 + w**5/12 - w**4/6 - w**3/2 - 56*w**2 - 1. What is f(4)?
-3
Let k(b) = b**2 + 15*b + 42. Let m be k(-12). Let a(r) = -r**3 + 6*r**2 + r - 2. Give a(m).
4
Let d = -510 + 718. Let r(v) = -2*v + d - 208 + v. Calculate r(4).
-4
Let m(s) be the second derivative of 3*s**5/20 + s**4/2 + 3*s**3/2 - 4*s**2 - 3*s. Let f(w) = w**3. Let c(k) = -4*f(k) + m(k). What is c(7)?
6
Let d be ((-63)/14)/(1/88*6). Let b be 4/12 + d/9 + 1. Let i(p) = p**3 + 7*p**2 + 7*p - 1. Give i(b).
-7
Let j(v) be the first derivative of -16*v**3/3 + 21*v**2/2 + 20*v + 2. Let f(r) = -3*r**2 + 4*r + 4. Let o(s) = -11*f(s) + 2*j(s). Give o(3).
-1
Let r(d) = d + 1. Let y(q) = 3*q + 7. Suppose 0*x = -2*h - x + 1, -h + 13 = -2*x. Let z = h + -4. Let b(s) = z*y(s) + 6*r(s). What is b(3)?
8
Let w(q) = -q - 10. Let a(n) = 4*n + 91. Let i be a(-24). Give w(i).
-5
Let l(p) = -p**3 - 13*p**2 - p - 12. Suppose -26 = -2*t + 5*v, -5*v = -3*t + 29 + 5. Suppose -65 = -t*n + 13*n. Give l(n).
1
Let x = -733 - -733. Let l(b) = b**3 + 4. Determine l(x).
4
Let j be (-110)/(-14) - (-2)/14. Let k = 11 - j. Let l(h) = h - 3. Calculate l(k).
0
Let j(w) = -w. Suppose 2*z - 12 + 2 = 0, 0 = -2*h + 3*z - 11. Give j(h).
-2
Let k(z) = -3*z**2 + 9*z - 6. Let r(v) = -v**2 - 1. Let g(n) = k(n) - 4*r(n). What is g(-8)?
-10
Let f(m) = -m + 10 - 102*m**3 + 49*m**3 + 52*m**3 + 7*m**2. What is f(7)?
3
Let f(w) = -w**2 + 9*w + 15. Let h(n) = -3*n - 59. Let r be h(-23). Calculate f(r).
5
Let k(b) = b**2 - 5*b + 4. Suppose -102*w + 99*w + 12 = 0. Determine k(w).
0
Suppose 110 = 9*o + 110. Let c(g) = -g + 15. Determine c(o).
15
Let n be 3*2/2 - 7. Let u be (5/n + 1)*-4. Let m(p) = 2 - 4 + 0 + u - 2*p**2 - 3*p. What is m(-2)?
-3
Let u be 1/(8/(-80)) - 0. Let z(x) = x - 7. Determine z(u).
-17
Suppose 0 = d + 2*n + 13, 290*n - 288*n = -14. Let o(a) = 10*a**2 - 7*a - 6. Let b(z) = -20*z**2 + 13*z + 11. Let y(r) = 6*b(r) + 11*o(r). Give y(d).
-9
Let w(q) be the third derivative of -q**6/120 - q**5/6 - 13*q**4/24 - 7*q**3/6 + 10*q**2 + q. Determine w(-9).
29
Let a(w) = 2 + 6*w**2 - 5*w**3 + 0 - 3*w**2 - 2*w**2 + 0*w**3. Give a(2).
-34
Let s(z) = 7*z + 2592*z**2 + 6*z**3 - 1 - 2599*z**2 - 7*z**3. Let i(v) = v**3 + 7*v**2 + 7*v - 2. Let k be i(-6). Determine s(k).
7
Let v be (-3 + 3)/(0 - -1) + -4. Let o(p) be the second derivative of p**3/3 - 3*p**2/2 + 5*p. Determine o(v).
-11
Let a(p) = 2*p**2 + 55*p - 140. Let r be a(-30). Let d(j) = -j**3 + 8*j**2 + 20*j - 8. What is d(r)?
-8
Suppose 23*n = 10*n. Let i(x) = -x**3 + 3*x**2 - 5. Give i(n).
-5
Let i(z) = 5*z**3 + 21*z**2 - 16*z + 1. Let u(o) = -o**3 - 4*o**2 + 3*o. Let c(q) = 2*i(q) + 11*u(q). Give c(-2).
0
Let a(x) be the second derivative of x**3/3 + 15*x**2/2 + 2*x + 56. Give a(-10).
-5
Let k(i) = i - 1. Suppose 10 = 3*c + 1. Let h be k(c). Let s(p) = -p**3 - 5*p**2 + p + h*p - 2*p - 2*p. Calculate s(-5).
5
Let p(x) = x - 1. Suppose 4*z + 200 = 14*z. Suppose -z = 21*t - 17*t. Give p(t).
-6
Let m(x) = x**3 - 3*x**2 + 1. Let w(d) = -d**3 + d**2 - 6*d + 4. Let s(r) = 2*m(r) + w(r). Suppose -2 = 3*o - 20. Calculate s(o).
6
Let a(s) = -s**3 - 2*s**2 - 4. Let m(p) = -5*p**3 - 8*p**2 - 17. Let i(n) = 9*a(n) - 2*m(n). Let b = -12 + 13. Let w be 1/b - (-2 - -1). Determine i(w).
-2
Let s(y) = -3*y**2 + y - 36. Let k(m) = 5*m**2 - 2*m + 35. Let g(t) = -2*k(t) - 3*s(t). Determine g(0).
38
Let k(w) = -14*w**2 + w + 46 + 13*w**2 - w**3 - 44. Give k(-2).
4
Let q(y) = y - 37. Let k be q(14). Let t = k + 24. Let p(f) = 10*f - 1. Give p(t).
9
Let r(n) be the third derivative of n**5/30 - 2*n**4/3 + n**3 + 20*n**2 + 2. Calculate r(8).
6
Let p(v) = v**2 + 16*v + 34. Let d be p(-14). Let c(l) = -2*l**3 + 3*l**3 - 3*l**2 + 1 + 8*l - d*l. Calculate c(2).
1
Let f(g) = -3*g + 9. Let z(d) = 30*d - 233. Let w be z(8). Give f(w).
-12
Let t(l) = -l**3 - 10*l**2 - 2. Let r(f) = -2*f**3 - 28*f**2 + f - 5. Let c(m) = 3*r(m) - 8*t(m). Calculate c(2).
7
Let x(c) = -2*c**3 - c - c**3 + 1 + 4*c**3 - 2 - 2. Calculate x(0).
-3
Let b(w) = -w**2 - 3*w - 3. Let k = 39 - 67. Let o = k - -30. Suppose 1 = -q - j, o*q + 4*j = -3*q - 8. Determine b(q).
-7
Suppose -47*g = -82*g - 245. Let q(d) = 4*d + 7 - 13*d + 4*d**2 + 2*d**2 + d**3. What is q(g)?
21
Let l = -15 + 7. Let i be (1 - 1) + l/4. Let c(z) be the third derivative of z**6/120 - z**5/60 - z**4/8 - z**3/2 - z**2. Give c(i).
-9
Let c(f) = -29*f**2 + f. Let s be (-2 + 8/3)/((-112)/168). Calculate c(s).
-30
Let c(z) = -65*z**2 + 24*z**2 - z + 40*z**2 + z**3 - 2*z - 3. What is c(4)?
33
Let l(d) = -2*d - 12. Let o(j) = 2*j + 15. Let h(p) = -3*l(p) - 2*o(p). Let a(g) = -2*g + 8. Let s be a(7). Determine h(s).
-6
Let a = -432 - -426. Let n(p) = 4*p + 10. Determine n(a).
-14
Let c(w) = 3*w + 33. Let s(j) = -j**3 + 29*j**2 - 77*j - 34. Let x be s(26). Give c(x).
9
Let z(t) = -10*t + 4. Let w(m) = m**2 + 13*m - 63. Let g be w(-17). Give z(g).
-46
Let x be -2 + (-4 - (-51 + 4)). Let a = x + -19. Let h be 6/33 + 62/a. Let c(o) = -o - 1. What is c(h)?
-4
Let a be (6/(-4))/(-2*2/(-16)). Let w be (1 - (-38)/a)/((-6)/9). Let j(t) = t + 2. Determine j(w).
10
Suppose 0 = 5*d + 3*q, 4 - 6 = d + q. Suppose -d*m = -0*m. Suppose -2*j + 4*v - 10 = -m*j, -5*v = -2*j - 10. Let y(u) = u**2 + 5*u + 3. Calculate y(j).
3
Let b(t) be the first derivative of t**3/6 + t**2 - 22*t - 2. Let a(w) be the first derivative of b(w). Let v = 4 + -4. What is a(v)?
2
Let x = 41 + -39. Suppose 16 = 2*k - 3*z, 4*k + 3 - 35 = x*z. Let q(l) = -l**2 + 10*l - 12. What is q(k)?
4
Let b(q) = q**2 - 3*q + 1. Let x(a) = a**2 - 7*a - 5. Let s be x(7). Let o(u) = u**3 + 7*u**2 + 10*u + 1. Let n be o(s). Calculate b(n).
-1
Let q(d) = 2*d - 8. Let o(f) = f**2 + 72*f + 462. Let w be o(-65). Give q(w).
6
Let r(p) = -p - 1. Let m(j) = 4*j - 2. Let t(h) = m(h) - 3*r(h). Let i(l) = -l**2 + 8*l + 14. Let k be i(4). Let c be (-6)/15 - k/50. What is t(c)?
-6
Let 